{"id":8585,"date":"2016-10-21T13:33:28","date_gmt":"2016-10-21T16:33:28","guid":{"rendered":"http:\/\/rdfm.com.br\/rdfm\/?page_id=8585"},"modified":"2023-05-04T12:07:16","modified_gmt":"2023-05-04T15:07:16","slug":"mordidas-abertas","status":"publish","type":"page","link":"https:\/\/rdfm.com.br\/rdfm\/tratamentos\/mordidas-abertas\/","title":{"rendered":"Mordidas Abertas"},"content":{"rendered":"\t\t<div data-elementor-type=\"wp-page\" data-elementor-id=\"8585\" class=\"elementor elementor-8585\">\n\t\t\t\t\t\t\t\t\t<section class=\"elementor-section elementor-top-section elementor-element elementor-element-54b5c574 elementor-section-boxed elementor-section-height-default elementor-section-height-default wpr-particle-no wpr-jarallax-no wpr-parallax-no wpr-sticky-section-no\" data-id=\"54b5c574\" data-element_type=\"section\">\n\t\t\t\t\t\t<div class=\"elementor-container elementor-column-gap-default\">\n\t\t\t\t\t<div class=\"elementor-column elementor-col-100 elementor-top-column elementor-element elementor-element-3610c6b3\" data-id=\"3610c6b3\" data-element_type=\"column\">\n\t\t\t<div class=\"elementor-widget-wrap elementor-element-populated\">\n\t\t\t\t\t\t\t\t<div class=\"elementor-element elementor-element-63d644ea elementor-widget elementor-widget-heading\" data-id=\"63d644ea\" data-element_type=\"widget\" data-widget_type=\"heading.default\">\n\t\t\t\t<div class=\"elementor-widget-container\">\n\t\t\t<style>\/*! elementor - v3.12.2 - 23-04-2023 *\/\n.elementor-heading-title{padding:0;margin:0;line-height:1}.elementor-widget-heading .elementor-heading-title[class*=elementor-size-]>a{color:inherit;font-size:inherit;line-height:inherit}.elementor-widget-heading .elementor-heading-title.elementor-size-small{font-size:15px}.elementor-widget-heading .elementor-heading-title.elementor-size-medium{font-size:19px}.elementor-widget-heading .elementor-heading-title.elementor-size-large{font-size:29px}.elementor-widget-heading .elementor-heading-title.elementor-size-xl{font-size:39px}.elementor-widget-heading .elementor-heading-title.elementor-size-xxl{font-size:59px}<\/style><h2 class=\"elementor-heading-title elementor-size-default\"><span style=\"font-weight:400;\">\nMudan\u00e7as Posturais<\/span><\/h2>\t\t<\/div>\n\t\t\t\t<\/div>\n\t\t\t\t\t<\/div>\n\t\t<\/div>\n\t\t\t\t\t\t\t<\/div>\n\t\t<\/section>\n\t\t\t\t<section class=\"elementor-section elementor-top-section elementor-element elementor-element-c237419 elementor-section-boxed elementor-section-height-default elementor-section-height-default wpr-particle-no wpr-jarallax-no wpr-parallax-no wpr-sticky-section-no\" data-id=\"c237419\" data-element_type=\"section\">\n\t\t\t\t\t\t<div class=\"elementor-container elementor-column-gap-default\">\n\t\t\t\t\t<div class=\"elementor-column elementor-col-100 elementor-top-column elementor-element elementor-element-4ac4f060\" data-id=\"4ac4f060\" data-element_type=\"column\">\n\t\t\t<div class=\"elementor-widget-wrap elementor-element-populated\">\n\t\t\t\t\t\t\t\t<section class=\"elementor-section elementor-inner-section elementor-element elementor-element-618553ab elementor-section-boxed elementor-section-height-default elementor-section-height-default wpr-particle-no wpr-jarallax-no wpr-parallax-no wpr-sticky-section-no\" data-id=\"618553ab\" data-element_type=\"section\">\n\t\t\t\t\t\t<div class=\"elementor-container elementor-column-gap-custom\">\n\t\t\t\t\t<div class=\"elementor-column elementor-col-50 elementor-inner-column elementor-element elementor-element-26368a39\" data-id=\"26368a39\" data-element_type=\"column\">\n\t\t\t<div class=\"elementor-widget-wrap elementor-element-populated\">\n\t\t\t\t\t\t\t\t<div class=\"elementor-element elementor-element-5751c4d1 elementor-widget-divider--view-line elementor-widget elementor-widget-divider\" data-id=\"5751c4d1\" data-element_type=\"widget\" data-widget_type=\"divider.default\">\n\t\t\t\t<div class=\"elementor-widget-container\">\n\t\t\t<style>\/*! elementor - v3.12.2 - 23-04-2023 *\/\n.elementor-widget-divider{--divider-border-style:none;--divider-border-width:1px;--divider-color:#0c0d0e;--divider-icon-size:20px;--divider-element-spacing:10px;--divider-pattern-height:24px;--divider-pattern-size:20px;--divider-pattern-url:none;--divider-pattern-repeat:repeat-x}.elementor-widget-divider .elementor-divider{display:flex}.elementor-widget-divider .elementor-divider__text{font-size:15px;line-height:1;max-width:95%}.elementor-widget-divider .elementor-divider__element{margin:0 var(--divider-element-spacing);flex-shrink:0}.elementor-widget-divider .elementor-icon{font-size:var(--divider-icon-size)}.elementor-widget-divider .elementor-divider-separator{display:flex;margin:0;direction:ltr}.elementor-widget-divider--view-line_icon .elementor-divider-separator,.elementor-widget-divider--view-line_text .elementor-divider-separator{align-items:center}.elementor-widget-divider--view-line_icon .elementor-divider-separator:after,.elementor-widget-divider--view-line_icon .elementor-divider-separator:before,.elementor-widget-divider--view-line_text .elementor-divider-separator:after,.elementor-widget-divider--view-line_text .elementor-divider-separator:before{display:block;content:\"\";border-bottom:0;flex-grow:1;border-top:var(--divider-border-width) var(--divider-border-style) var(--divider-color)}.elementor-widget-divider--element-align-left .elementor-divider .elementor-divider-separator>.elementor-divider__svg:first-of-type{flex-grow:0;flex-shrink:100}.elementor-widget-divider--element-align-left .elementor-divider-separator:before{content:none}.elementor-widget-divider--element-align-left .elementor-divider__element{margin-left:0}.elementor-widget-divider--element-align-right .elementor-divider .elementor-divider-separator>.elementor-divider__svg:last-of-type{flex-grow:0;flex-shrink:100}.elementor-widget-divider--element-align-right .elementor-divider-separator:after{content:none}.elementor-widget-divider--element-align-right .elementor-divider__element{margin-right:0}.elementor-widget-divider:not(.elementor-widget-divider--view-line_text):not(.elementor-widget-divider--view-line_icon) .elementor-divider-separator{border-top:var(--divider-border-width) var(--divider-border-style) var(--divider-color)}.elementor-widget-divider--separator-type-pattern{--divider-border-style:none}.elementor-widget-divider--separator-type-pattern.elementor-widget-divider--view-line .elementor-divider-separator,.elementor-widget-divider--separator-type-pattern:not(.elementor-widget-divider--view-line) .elementor-divider-separator:after,.elementor-widget-divider--separator-type-pattern:not(.elementor-widget-divider--view-line) .elementor-divider-separator:before,.elementor-widget-divider--separator-type-pattern:not([class*=elementor-widget-divider--view]) .elementor-divider-separator{width:100%;min-height:var(--divider-pattern-height);-webkit-mask-size:var(--divider-pattern-size) 100%;mask-size:var(--divider-pattern-size) 100%;-webkit-mask-repeat:var(--divider-pattern-repeat);mask-repeat:var(--divider-pattern-repeat);background-color:var(--divider-color);-webkit-mask-image:var(--divider-pattern-url);mask-image:var(--divider-pattern-url)}.elementor-widget-divider--no-spacing{--divider-pattern-size:auto}.elementor-widget-divider--bg-round{--divider-pattern-repeat:round}.rtl .elementor-widget-divider .elementor-divider__text{direction:rtl}.e-con-inner>.elementor-widget-divider,.e-con>.elementor-widget-divider{width:var(--container-widget-width,100%);--flex-grow:var(--container-widget-flex-grow)}<\/style>\t\t<div class=\"elementor-divider\">\n\t\t\t<span class=\"elementor-divider-separator\">\n\t\t\t\t\t\t<\/span>\n\t\t<\/div>\n\t\t\t\t<\/div>\n\t\t\t\t<\/div>\n\t\t\t\t\t<\/div>\n\t\t<\/div>\n\t\t\t\t<div class=\"elementor-column elementor-col-50 elementor-inner-column elementor-element elementor-element-5435cf41\" data-id=\"5435cf41\" data-element_type=\"column\">\n\t\t\t<div class=\"elementor-widget-wrap elementor-element-populated\">\n\t\t\t\t\t\t\t\t<div class=\"elementor-element elementor-element-20d036c5 elementor-widget__width-initial elementor-widget-divider--view-line elementor-widget elementor-widget-divider\" data-id=\"20d036c5\" data-element_type=\"widget\" data-widget_type=\"divider.default\">\n\t\t\t\t<div class=\"elementor-widget-container\">\n\t\t\t\t\t<div class=\"elementor-divider\">\n\t\t\t<span class=\"elementor-divider-separator\">\n\t\t\t\t\t\t<\/span>\n\t\t<\/div>\n\t\t\t\t<\/div>\n\t\t\t\t<\/div>\n\t\t\t\t\t<\/div>\n\t\t<\/div>\n\t\t\t\t\t\t\t<\/div>\n\t\t<\/section>\n\t\t\t\t\t<\/div>\n\t\t<\/div>\n\t\t\t\t\t\t\t<\/div>\n\t\t<\/section>\n\t\t\t\t<section class=\"elementor-section elementor-top-section elementor-element elementor-element-13d85a62 elementor-section-boxed elementor-section-height-default elementor-section-height-default wpr-particle-no wpr-jarallax-no wpr-parallax-no wpr-sticky-section-no\" data-id=\"13d85a62\" data-element_type=\"section\">\n\t\t\t\t\t\t<div class=\"elementor-container elementor-column-gap-default\">\n\t\t\t\t\t<div class=\"elementor-column elementor-col-100 elementor-top-column elementor-element elementor-element-166ea59b\" data-id=\"166ea59b\" data-element_type=\"column\">\n\t\t\t<div class=\"elementor-widget-wrap elementor-element-populated\">\n\t\t\t\t\t\t\t\t<div class=\"elementor-element elementor-element-61bf53f9 elementor-widget elementor-widget-heading\" data-id=\"61bf53f9\" data-element_type=\"widget\" data-widget_type=\"heading.default\">\n\t\t\t\t<div class=\"elementor-widget-container\">\n\t\t\t<span class=\"elementor-heading-title elementor-size-default\">Mordida aberta associada \u00e0 Respira\u00e7\u00e3o Bucal e Hipotonia Labial.<\/span>\t\t<\/div>\n\t\t\t\t<\/div>\n\t\t\t\t\t<\/div>\n\t\t<\/div>\n\t\t\t\t\t\t\t<\/div>\n\t\t<\/section>\n\t\t\t\t<section class=\"elementor-section elementor-top-section elementor-element elementor-element-7b3adf9b elementor-section-boxed elementor-section-height-default elementor-section-height-default wpr-particle-no wpr-jarallax-no wpr-parallax-no wpr-sticky-section-no\" data-id=\"7b3adf9b\" data-element_type=\"section\">\n\t\t\t\t\t\t<div class=\"elementor-container elementor-column-gap-default\">\n\t\t\t\t\t<div class=\"elementor-column elementor-col-33 elementor-top-column elementor-element elementor-element-509f8aac\" data-id=\"509f8aac\" data-element_type=\"column\">\n\t\t\t<div class=\"elementor-widget-wrap elementor-element-populated\">\n\t\t\t\t\t\t\t\t<div class=\"elementor-element elementor-element-3fe7afef elementor-widget elementor-widget-image\" data-id=\"3fe7afef\" data-element_type=\"widget\" data-widget_type=\"image.default\">\n\t\t\t\t<div class=\"elementor-widget-container\">\n\t\t\t<style>\/*! elementor - v3.12.2 - 23-04-2023 *\/\n.elementor-widget-image{text-align:center}.elementor-widget-image a{display:inline-block}.elementor-widget-image a img[src$=\".svg\"]{width:48px}.elementor-widget-image img{vertical-align:middle;display:inline-block}<\/style>\t\t\t\t\t\t\t\t\t\t\t\t<img decoding=\"async\" width=\"600\" height=\"461\" src=\"https:\/\/rdfm.com.br\/rdfm\/wp-content\/uploads\/2016\/09\/foto1.jpg\" class=\"attachment-large size-large wp-image-8390\" alt=\"\" loading=\"lazy\" srcset=\"https:\/\/rdfm.com.br\/rdfm\/wp-content\/uploads\/2016\/09\/foto1.jpg 600w, https:\/\/rdfm.com.br\/rdfm\/wp-content\/uploads\/2016\/09\/foto1-300x231.jpg 300w, https:\/\/rdfm.com.br\/rdfm\/wp-content\/uploads\/2016\/09\/foto1-480x369.jpg 480w, https:\/\/rdfm.com.br\/rdfm\/wp-content\/uploads\/2016\/09\/foto1-555x426.jpg 555w, https:\/\/rdfm.com.br\/rdfm\/wp-content\/uploads\/2016\/09\/foto1-360x276.jpg 360w, https:\/\/rdfm.com.br\/rdfm\/wp-content\/uploads\/2016\/09\/foto1-262x201.jpg 262w\" sizes=\"(max-width: 600px) 100vw, 600px\" \/>\t\t\t\t\t\t\t\t\t\t\t\t\t\t\t<\/div>\n\t\t\t\t<\/div>\n\t\t\t\t<div class=\"elementor-element elementor-element-4eeba977 elementor-widget elementor-widget-heading\" data-id=\"4eeba977\" data-element_type=\"widget\" data-widget_type=\"heading.default\">\n\t\t\t\t<div class=\"elementor-widget-container\">\n\t\t\t<span class=\"elementor-heading-title elementor-size-default\"> Paciente BLMP, ent\u00e3o com 09 anos de idade, apresentava respira\u00e7\u00e3o bucal, falta de selamento labial, degluti\u00e7\u00e3o at\u00edpica e em anamnese, constatou-se quadro de rinite al\u00e9rgica.<\/span>\t\t<\/div>\n\t\t\t\t<\/div>\n\t\t\t\t\t<\/div>\n\t\t<\/div>\n\t\t\t\t<div class=\"elementor-column elementor-col-33 elementor-top-column elementor-element elementor-element-79937919\" data-id=\"79937919\" data-element_type=\"column\">\n\t\t\t<div class=\"elementor-widget-wrap elementor-element-populated\">\n\t\t\t\t\t\t\t\t<div class=\"elementor-element elementor-element-1912444 elementor-widget elementor-widget-image\" data-id=\"1912444\" data-element_type=\"widget\" data-widget_type=\"image.default\">\n\t\t\t\t<div class=\"elementor-widget-container\">\n\t\t\t\t\t\t\t\t\t\t\t\t\t\t\t<img decoding=\"async\" width=\"600\" height=\"433\" src=\"https:\/\/rdfm.com.br\/rdfm\/wp-content\/uploads\/2016\/09\/foto3.jpg\" class=\"attachment-large size-large wp-image-8392\" alt=\"\" loading=\"lazy\" srcset=\"https:\/\/rdfm.com.br\/rdfm\/wp-content\/uploads\/2016\/09\/foto3.jpg 600w, https:\/\/rdfm.com.br\/rdfm\/wp-content\/uploads\/2016\/09\/foto3-300x217.jpg 300w, https:\/\/rdfm.com.br\/rdfm\/wp-content\/uploads\/2016\/09\/foto3-555x401.jpg 555w, https:\/\/rdfm.com.br\/rdfm\/wp-content\/uploads\/2016\/09\/foto3-360x260.jpg 360w, https:\/\/rdfm.com.br\/rdfm\/wp-content\/uploads\/2016\/09\/foto3-262x189.jpg 262w\" sizes=\"(max-width: 600px) 100vw, 600px\" \/>\t\t\t\t\t\t\t\t\t\t\t\t\t\t\t<\/div>\n\t\t\t\t<\/div>\n\t\t\t\t<div class=\"elementor-element elementor-element-7136a9a3 elementor-widget elementor-widget-heading\" data-id=\"7136a9a3\" data-element_type=\"widget\" data-widget_type=\"heading.default\">\n\t\t\t\t<div class=\"elementor-widget-container\">\n\t\t\t<span class=\"elementor-heading-title elementor-size-default\"> Imagem intrabucal frontal, constatando a mordida aberta anterior.<\/span>\t\t<\/div>\n\t\t\t\t<\/div>\n\t\t\t\t\t<\/div>\n\t\t<\/div>\n\t\t\t\t<div class=\"elementor-column elementor-col-33 elementor-top-column elementor-element elementor-element-6f2844c\" data-id=\"6f2844c\" data-element_type=\"column\">\n\t\t\t<div class=\"elementor-widget-wrap elementor-element-populated\">\n\t\t\t\t\t\t\t\t<div class=\"elementor-element elementor-element-14dd7b60 elementor-widget elementor-widget-image\" data-id=\"14dd7b60\" data-element_type=\"widget\" data-widget_type=\"image.default\">\n\t\t\t\t<div class=\"elementor-widget-container\">\n\t\t\t\t\t\t\t\t\t\t\t\t\t\t\t<img decoding=\"async\" width=\"600\" height=\"462\" src=\"https:\/\/rdfm.com.br\/rdfm\/wp-content\/uploads\/2016\/09\/foto4.jpg\" class=\"attachment-large size-large wp-image-8393\" alt=\"\" loading=\"lazy\" srcset=\"https:\/\/rdfm.com.br\/rdfm\/wp-content\/uploads\/2016\/09\/foto4.jpg 600w, https:\/\/rdfm.com.br\/rdfm\/wp-content\/uploads\/2016\/09\/foto4-300x231.jpg 300w, https:\/\/rdfm.com.br\/rdfm\/wp-content\/uploads\/2016\/09\/foto4-480x369.jpg 480w, https:\/\/rdfm.com.br\/rdfm\/wp-content\/uploads\/2016\/09\/foto4-555x426.jpg 555w, https:\/\/rdfm.com.br\/rdfm\/wp-content\/uploads\/2016\/09\/foto4-360x276.jpg 360w, https:\/\/rdfm.com.br\/rdfm\/wp-content\/uploads\/2016\/09\/foto4-262x201.jpg 262w\" sizes=\"(max-width: 600px) 100vw, 600px\" \/>\t\t\t\t\t\t\t\t\t\t\t\t\t\t\t<\/div>\n\t\t\t\t<\/div>\n\t\t\t\t<div class=\"elementor-element elementor-element-3b5c1a5f elementor-widget elementor-widget-heading\" data-id=\"3b5c1a5f\" data-element_type=\"widget\" data-widget_type=\"heading.default\">\n\t\t\t\t<div class=\"elementor-widget-container\">\n\t\t\t<span class=\"elementor-heading-title elementor-size-default\"> Imagem intrabucal lateral direita, e evidenciando a falta do trespasse vertical anterior, mordida aberta.<\/span>\t\t<\/div>\n\t\t\t\t<\/div>\n\t\t\t\t\t<\/div>\n\t\t<\/div>\n\t\t\t\t\t\t\t<\/div>\n\t\t<\/section>\n\t\t\t\t<section class=\"elementor-section elementor-top-section elementor-element elementor-element-1a5df8cb elementor-section-boxed elementor-section-height-default elementor-section-height-default wpr-particle-no wpr-jarallax-no wpr-parallax-no wpr-sticky-section-no\" data-id=\"1a5df8cb\" data-element_type=\"section\">\n\t\t\t\t\t\t<div class=\"elementor-container elementor-column-gap-default\">\n\t\t\t\t\t<div class=\"elementor-column elementor-col-33 elementor-top-column elementor-element elementor-element-59f6e80d\" data-id=\"59f6e80d\" data-element_type=\"column\">\n\t\t\t<div class=\"elementor-widget-wrap elementor-element-populated\">\n\t\t\t\t\t\t\t\t<div class=\"elementor-element elementor-element-4693bbf6 elementor-widget elementor-widget-image\" data-id=\"4693bbf6\" data-element_type=\"widget\" data-widget_type=\"image.default\">\n\t\t\t\t<div class=\"elementor-widget-container\">\n\t\t\t\t\t\t\t\t\t\t\t\t\t\t\t<img decoding=\"async\" width=\"600\" height=\"438\" src=\"https:\/\/rdfm.com.br\/rdfm\/wp-content\/uploads\/2016\/10\/Sem-Ti\u0301tulo-5.jpg\" class=\"attachment-large size-large wp-image-8674\" alt=\"\" loading=\"lazy\" srcset=\"https:\/\/rdfm.com.br\/rdfm\/wp-content\/uploads\/2016\/10\/Sem-Ti\u0301tulo-5.jpg 600w, https:\/\/rdfm.com.br\/rdfm\/wp-content\/uploads\/2016\/10\/Sem-Ti\u0301tulo-5-300x219.jpg 300w, https:\/\/rdfm.com.br\/rdfm\/wp-content\/uploads\/2016\/10\/Sem-Ti\u0301tulo-5-555x405.jpg 555w, https:\/\/rdfm.com.br\/rdfm\/wp-content\/uploads\/2016\/10\/Sem-Ti\u0301tulo-5-360x263.jpg 360w, https:\/\/rdfm.com.br\/rdfm\/wp-content\/uploads\/2016\/10\/Sem-Ti\u0301tulo-5-262x191.jpg 262w\" sizes=\"(max-width: 600px) 100vw, 600px\" \/>\t\t\t\t\t\t\t\t\t\t\t\t\t\t\t<\/div>\n\t\t\t\t<\/div>\n\t\t\t\t<div class=\"elementor-element elementor-element-352c6b2c elementor-widget elementor-widget-heading\" data-id=\"352c6b2c\" data-element_type=\"widget\" data-widget_type=\"heading.default\">\n\t\t\t\t<div class=\"elementor-widget-container\">\n\t\t\t<span class=\"elementor-heading-title elementor-size-default\"> Foto frontal e final do tratamento apresentando as reorganiza\u00e7\u00f5es musculares faciais decorrentes do uso de aparelhos e selamento labial espont\u00e2neo.<\/span>\t\t<\/div>\n\t\t\t\t<\/div>\n\t\t\t\t\t<\/div>\n\t\t<\/div>\n\t\t\t\t<div class=\"elementor-column elementor-col-33 elementor-top-column elementor-element elementor-element-58674c83\" data-id=\"58674c83\" data-element_type=\"column\">\n\t\t\t<div class=\"elementor-widget-wrap elementor-element-populated\">\n\t\t\t\t\t\t\t\t<div class=\"elementor-element elementor-element-38c9c59c elementor-widget elementor-widget-image\" data-id=\"38c9c59c\" data-element_type=\"widget\" data-widget_type=\"image.default\">\n\t\t\t\t<div class=\"elementor-widget-container\">\n\t\t\t\t\t\t\t\t\t\t\t\t\t\t\t<img decoding=\"async\" width=\"600\" height=\"450\" src=\"https:\/\/rdfm.com.br\/rdfm\/wp-content\/uploads\/2016\/10\/Sem-Ti\u0301tulo-6.jpg\" class=\"attachment-large size-large wp-image-8675\" alt=\"\" loading=\"lazy\" srcset=\"https:\/\/rdfm.com.br\/rdfm\/wp-content\/uploads\/2016\/10\/Sem-Ti\u0301tulo-6.jpg 600w, https:\/\/rdfm.com.br\/rdfm\/wp-content\/uploads\/2016\/10\/Sem-Ti\u0301tulo-6-300x225.jpg 300w, https:\/\/rdfm.com.br\/rdfm\/wp-content\/uploads\/2016\/10\/Sem-Ti\u0301tulo-6-555x416.jpg 555w, https:\/\/rdfm.com.br\/rdfm\/wp-content\/uploads\/2016\/10\/Sem-Ti\u0301tulo-6-360x270.jpg 360w, https:\/\/rdfm.com.br\/rdfm\/wp-content\/uploads\/2016\/10\/Sem-Ti\u0301tulo-6-262x197.jpg 262w\" sizes=\"(max-width: 600px) 100vw, 600px\" \/>\t\t\t\t\t\t\t\t\t\t\t\t\t\t\t<\/div>\n\t\t\t\t<\/div>\n\t\t\t\t<div class=\"elementor-element elementor-element-8aaad04 elementor-widget elementor-widget-heading\" data-id=\"8aaad04\" data-element_type=\"widget\" data-widget_type=\"heading.default\">\n\t\t\t\t<div class=\"elementor-widget-container\">\n\t\t\t<span class=\"elementor-heading-title elementor-size-default\"> Foto de perfil, evidenciando o mesmo quadro de normalidade funcional.<\/span>\t\t<\/div>\n\t\t\t\t<\/div>\n\t\t\t\t\t<\/div>\n\t\t<\/div>\n\t\t\t\t<div class=\"elementor-column elementor-col-33 elementor-top-column elementor-element elementor-element-24a819a4\" data-id=\"24a819a4\" data-element_type=\"column\">\n\t\t\t<div class=\"elementor-widget-wrap elementor-element-populated\">\n\t\t\t\t\t\t\t\t<div class=\"elementor-element elementor-element-34a41de elementor-widget elementor-widget-image\" data-id=\"34a41de\" data-element_type=\"widget\" data-widget_type=\"image.default\">\n\t\t\t\t<div class=\"elementor-widget-container\">\n\t\t\t\t\t\t\t\t\t\t\t\t\t\t\t<img decoding=\"async\" width=\"600\" height=\"410\" src=\"https:\/\/rdfm.com.br\/rdfm\/wp-content\/uploads\/2016\/09\/foto7.jpg\" class=\"attachment-large size-large wp-image-8396\" alt=\"\" loading=\"lazy\" srcset=\"https:\/\/rdfm.com.br\/rdfm\/wp-content\/uploads\/2016\/09\/foto7.jpg 600w, https:\/\/rdfm.com.br\/rdfm\/wp-content\/uploads\/2016\/09\/foto7-300x205.jpg 300w, https:\/\/rdfm.com.br\/rdfm\/wp-content\/uploads\/2016\/09\/foto7-555x379.jpg 555w, https:\/\/rdfm.com.br\/rdfm\/wp-content\/uploads\/2016\/09\/foto7-360x246.jpg 360w, https:\/\/rdfm.com.br\/rdfm\/wp-content\/uploads\/2016\/09\/foto7-262x179.jpg 262w\" sizes=\"(max-width: 600px) 100vw, 600px\" \/>\t\t\t\t\t\t\t\t\t\t\t\t\t\t\t<\/div>\n\t\t\t\t<\/div>\n\t\t\t\t<div class=\"elementor-element elementor-element-e7a5712 elementor-widget elementor-widget-heading\" data-id=\"e7a5712\" data-element_type=\"widget\" data-widget_type=\"heading.default\">\n\t\t\t\t<div class=\"elementor-widget-container\">\n\t\t\t<span class=\"elementor-heading-title elementor-size-default\"> Foto frontal intrabucal, constatando o fechamento da mordida aberta.<\/span>\t\t<\/div>\n\t\t\t\t<\/div>\n\t\t\t\t\t<\/div>\n\t\t<\/div>\n\t\t\t\t\t\t\t<\/div>\n\t\t<\/section>\n\t\t\t\t<section class=\"elementor-section elementor-top-section elementor-element elementor-element-3c411c70 elementor-section-boxed elementor-section-height-default elementor-section-height-default wpr-particle-no wpr-jarallax-no wpr-parallax-no wpr-sticky-section-no\" data-id=\"3c411c70\" data-element_type=\"section\">\n\t\t\t\t\t\t<div class=\"elementor-container elementor-column-gap-default\">\n\t\t\t\t\t<div class=\"elementor-column elementor-col-33 elementor-top-column elementor-element elementor-element-16f52aa1\" data-id=\"16f52aa1\" data-element_type=\"column\">\n\t\t\t<div class=\"elementor-widget-wrap elementor-element-populated\">\n\t\t\t\t\t\t\t\t<div class=\"elementor-element elementor-element-51c8668b elementor-widget elementor-widget-image\" data-id=\"51c8668b\" data-element_type=\"widget\" data-widget_type=\"image.default\">\n\t\t\t\t<div class=\"elementor-widget-container\">\n\t\t\t\t\t\t\t\t\t\t\t\t\t\t\t<img decoding=\"async\" width=\"600\" height=\"455\" src=\"https:\/\/rdfm.com.br\/rdfm\/wp-content\/uploads\/2016\/09\/foto8.jpg\" class=\"attachment-large size-large wp-image-8397\" alt=\"\" loading=\"lazy\" srcset=\"https:\/\/rdfm.com.br\/rdfm\/wp-content\/uploads\/2016\/09\/foto8.jpg 600w, https:\/\/rdfm.com.br\/rdfm\/wp-content\/uploads\/2016\/09\/foto8-300x228.jpg 300w, https:\/\/rdfm.com.br\/rdfm\/wp-content\/uploads\/2016\/09\/foto8-555x421.jpg 555w, https:\/\/rdfm.com.br\/rdfm\/wp-content\/uploads\/2016\/09\/foto8-360x273.jpg 360w, https:\/\/rdfm.com.br\/rdfm\/wp-content\/uploads\/2016\/09\/foto8-262x199.jpg 262w\" sizes=\"(max-width: 600px) 100vw, 600px\" \/>\t\t\t\t\t\t\t\t\t\t\t\t\t\t\t<\/div>\n\t\t\t\t<\/div>\n\t\t\t\t<div class=\"elementor-element elementor-element-4c20919b elementor-widget elementor-widget-heading\" data-id=\"4c20919b\" data-element_type=\"widget\" data-widget_type=\"heading.default\">\n\t\t\t\t<div class=\"elementor-widget-container\">\n\t\t\t<span class=\"elementor-heading-title elementor-size-default\"> Imagens intrabucais, lateral direita, mostrando o trespasse horizontal<\/span>\t\t<\/div>\n\t\t\t\t<\/div>\n\t\t\t\t\t<\/div>\n\t\t<\/div>\n\t\t\t\t<div class=\"elementor-column elementor-col-33 elementor-top-column elementor-element elementor-element-6a532314\" data-id=\"6a532314\" data-element_type=\"column\">\n\t\t\t<div class=\"elementor-widget-wrap elementor-element-populated\">\n\t\t\t\t\t\t\t\t<div class=\"elementor-element elementor-element-63ac461b elementor-widget elementor-widget-image\" data-id=\"63ac461b\" data-element_type=\"widget\" data-widget_type=\"image.default\">\n\t\t\t\t<div class=\"elementor-widget-container\">\n\t\t\t\t\t\t\t\t\t\t\t\t\t\t\t<img decoding=\"async\" width=\"600\" height=\"463\" src=\"https:\/\/rdfm.com.br\/rdfm\/wp-content\/uploads\/2016\/09\/foto9.jpg\" class=\"attachment-large size-large wp-image-8398\" alt=\"\" loading=\"lazy\" srcset=\"https:\/\/rdfm.com.br\/rdfm\/wp-content\/uploads\/2016\/09\/foto9.jpg 600w, https:\/\/rdfm.com.br\/rdfm\/wp-content\/uploads\/2016\/09\/foto9-300x232.jpg 300w, https:\/\/rdfm.com.br\/rdfm\/wp-content\/uploads\/2016\/09\/foto9-480x369.jpg 480w, https:\/\/rdfm.com.br\/rdfm\/wp-content\/uploads\/2016\/09\/foto9-555x428.jpg 555w, https:\/\/rdfm.com.br\/rdfm\/wp-content\/uploads\/2016\/09\/foto9-360x278.jpg 360w, https:\/\/rdfm.com.br\/rdfm\/wp-content\/uploads\/2016\/09\/foto9-262x201.jpg 262w\" sizes=\"(max-width: 600px) 100vw, 600px\" \/>\t\t\t\t\t\t\t\t\t\t\t\t\t\t\t<\/div>\n\t\t\t\t<\/div>\n\t\t\t\t<div class=\"elementor-element elementor-element-377df9fc elementor-widget elementor-widget-heading\" data-id=\"377df9fc\" data-element_type=\"widget\" data-widget_type=\"heading.default\">\n\t\t\t\t<div class=\"elementor-widget-container\">\n\t\t\t<span class=\"elementor-heading-title elementor-size-default\"> Imagens intrabucais, laterais esquerda, mostrando o trespasse horizontal<\/span>\t\t<\/div>\n\t\t\t\t<\/div>\n\t\t\t\t\t<\/div>\n\t\t<\/div>\n\t\t\t\t<div class=\"elementor-column elementor-col-33 elementor-top-column elementor-element elementor-element-38804ea3\" data-id=\"38804ea3\" data-element_type=\"column\">\n\t\t\t<div class=\"elementor-widget-wrap\">\n\t\t\t\t\t\t\t\t\t<\/div>\n\t\t<\/div>\n\t\t\t\t\t\t\t<\/div>\n\t\t<\/section>\n\t\t\t\t\t\t\t<\/div>\n\t\t","protected":false},"excerpt":{"rendered":"<p>Mudan\u00e7as Posturais Mordida aberta associada \u00e0 Respira\u00e7\u00e3o Bucal e Hipotonia Labial. Paciente BLMP, ent\u00e3o com 09 anos de idade, apresentava respira\u00e7\u00e3o bucal, falta de selamento labial, degluti\u00e7\u00e3o at\u00edpica e em anamnese, constatou-se quadro de rinite al\u00e9rgica. Imagem intrabucal frontal, constatando a mordida aberta anterior. Imagem intrabucal lateral direita, e evidenciando a falta do trespasse verticalLeer M\u00e1s<\/p>\n","protected":false},"author":2,"featured_media":0,"parent":8158,"menu_order":0,"comment_status":"closed","ping_status":"closed","template":"","meta":[],"_links":{"self":[{"href":"https:\/\/rdfm.com.br\/rdfm\/wp-json\/wp\/v2\/pages\/8585"}],"collection":[{"href":"https:\/\/rdfm.com.br\/rdfm\/wp-json\/wp\/v2\/pages"}],"about":[{"href":"https:\/\/rdfm.com.br\/rdfm\/wp-json\/wp\/v2\/types\/page"}],"author":[{"embeddable":true,"href":"https:\/\/rdfm.com.br\/rdfm\/wp-json\/wp\/v2\/users\/2"}],"replies":[{"embeddable":true,"href":"https:\/\/rdfm.com.br\/rdfm\/wp-json\/wp\/v2\/comments?post=8585"}],"version-history":[{"count":16,"href":"https:\/\/rdfm.com.br\/rdfm\/wp-json\/wp\/v2\/pages\/8585\/revisions"}],"predecessor-version":[{"id":9674,"href":"https:\/\/rdfm.com.br\/rdfm\/wp-json\/wp\/v2\/pages\/8585\/revisions\/9674"}],"up":[{"embeddable":true,"href":"https:\/\/rdfm.com.br\/rdfm\/wp-json\/wp\/v2\/pages\/8158"}],"wp:attachment":[{"href":"https:\/\/rdfm.com.br\/rdfm\/wp-json\/wp\/v2\/media?parent=8585"}],"curies":[{"name":"wp","href":"https:\/\/api.w.org\/{rel}","templated":true}]}}