{"id":8302,"date":"2016-10-04T09:54:38","date_gmt":"2016-10-04T12:54:38","guid":{"rendered":"http:\/\/rdfm.com.br\/rdfm\/?page_id=8302"},"modified":"2023-05-04T16:16:05","modified_gmt":"2023-05-04T19:16:05","slug":"artigos","status":"publish","type":"page","link":"https:\/\/rdfm.com.br\/rdfm\/quem-somos\/artigos\/","title":{"rendered":"Palestras"},"content":{"rendered":"\t\t<div data-elementor-type=\"wp-page\" data-elementor-id=\"8302\" class=\"elementor elementor-8302\">\n\t\t\t\t\t\t\t\t\t<section class=\"elementor-section elementor-top-section elementor-element elementor-element-f211a0a elementor-section-boxed elementor-section-height-default elementor-section-height-default wpr-particle-no wpr-jarallax-no wpr-parallax-no wpr-sticky-section-no\" data-id=\"f211a0a\" data-element_type=\"section\">\n\t\t\t\t\t\t<div class=\"elementor-container elementor-column-gap-default\">\n\t\t\t\t\t<div class=\"elementor-column elementor-col-33 elementor-top-column elementor-element elementor-element-e8dc723\" data-id=\"e8dc723\" data-element_type=\"column\" data-settings=\"{&quot;animation&quot;:&quot;none&quot;,&quot;animation_mobile&quot;:&quot;none&quot;}\">\n\t\t\t<div class=\"elementor-widget-wrap elementor-element-populated\">\n\t\t\t\t\t\t\t\t<div class=\"elementor-element elementor-element-52a4345 elementor-widget elementor-widget-image\" data-id=\"52a4345\" data-element_type=\"widget\" data-widget_type=\"image.default\">\n\t\t\t\t<div class=\"elementor-widget-container\">\n\t\t\t<style>\/*! elementor - v3.12.2 - 23-04-2023 *\/\n.elementor-widget-image{text-align:center}.elementor-widget-image a{display:inline-block}.elementor-widget-image a img[src$=\".svg\"]{width:48px}.elementor-widget-image img{vertical-align:middle;display:inline-block}<\/style>\t\t\t\t\t\t\t\t\t\t\t\t<img decoding=\"async\" width=\"800\" height=\"565\" src=\"https:\/\/rdfm.com.br\/rdfm\/wp-content\/uploads\/2016\/10\/palestra2.jpg\" class=\"attachment-large size-large wp-image-8384\" alt=\"\" loading=\"lazy\" srcset=\"https:\/\/rdfm.com.br\/rdfm\/wp-content\/uploads\/2016\/10\/palestra2.jpg 800w, https:\/\/rdfm.com.br\/rdfm\/wp-content\/uploads\/2016\/10\/palestra2-300x212.jpg 300w, https:\/\/rdfm.com.br\/rdfm\/wp-content\/uploads\/2016\/10\/palestra2-768x542.jpg 768w, https:\/\/rdfm.com.br\/rdfm\/wp-content\/uploads\/2016\/10\/palestra2-555x392.jpg 555w, https:\/\/rdfm.com.br\/rdfm\/wp-content\/uploads\/2016\/10\/palestra2-360x254.jpg 360w, https:\/\/rdfm.com.br\/rdfm\/wp-content\/uploads\/2016\/10\/palestra2-262x185.jpg 262w\" sizes=\"(max-width: 800px) 100vw, 800px\" \/>\t\t\t\t\t\t\t\t\t\t\t\t\t\t\t<\/div>\n\t\t\t\t<\/div>\n\t\t\t\t<div class=\"elementor-element elementor-element-b8dfcdd elementor-widget elementor-widget-heading\" data-id=\"b8dfcdd\" data-element_type=\"widget\" data-widget_type=\"heading.default\">\n\t\t\t\t<div class=\"elementor-widget-container\">\n\t\t\t<style>\/*! elementor - v3.12.2 - 23-04-2023 *\/\n.elementor-heading-title{padding:0;margin:0;line-height:1}.elementor-widget-heading .elementor-heading-title[class*=elementor-size-]>a{color:inherit;font-size:inherit;line-height:inherit}.elementor-widget-heading .elementor-heading-title.elementor-size-small{font-size:15px}.elementor-widget-heading .elementor-heading-title.elementor-size-medium{font-size:19px}.elementor-widget-heading .elementor-heading-title.elementor-size-large{font-size:29px}.elementor-widget-heading .elementor-heading-title.elementor-size-xl{font-size:39px}.elementor-widget-heading .elementor-heading-title.elementor-size-xxl{font-size:59px}<\/style><h2 class=\"elementor-heading-title elementor-size-default\"> A L\u00f3gica do Bom Senso em Reabilita\u00e7\u00e3o Din\u00e2mica e Funcional dos Maxilares \u2013 sem Extra\u00e7\u00f5es \u2013 Ribeir\u00e3o Preto SP 1999<\/h2>\t\t<\/div>\n\t\t\t\t<\/div>\n\t\t\t\t\t<\/div>\n\t\t<\/div>\n\t\t\t\t<div class=\"elementor-column elementor-col-33 elementor-top-column elementor-element elementor-element-e159b7b\" data-id=\"e159b7b\" data-element_type=\"column\" data-settings=\"{&quot;animation&quot;:&quot;none&quot;,&quot;animation_mobile&quot;:&quot;none&quot;}\">\n\t\t\t<div class=\"elementor-widget-wrap elementor-element-populated\">\n\t\t\t\t\t\t\t\t<div class=\"elementor-element elementor-element-f272fcf elementor-widget elementor-widget-image\" data-id=\"f272fcf\" data-element_type=\"widget\" data-widget_type=\"image.default\">\n\t\t\t\t<div class=\"elementor-widget-container\">\n\t\t\t\t\t\t\t\t\t\t\t\t\t\t\t<img decoding=\"async\" width=\"800\" height=\"593\" src=\"https:\/\/rdfm.com.br\/rdfm\/wp-content\/uploads\/2016\/10\/palestra3.jpg\" class=\"attachment-large size-large wp-image-8385\" alt=\"\" loading=\"lazy\" srcset=\"https:\/\/rdfm.com.br\/rdfm\/wp-content\/uploads\/2016\/10\/palestra3.jpg 800w, https:\/\/rdfm.com.br\/rdfm\/wp-content\/uploads\/2016\/10\/palestra3-300x222.jpg 300w, https:\/\/rdfm.com.br\/rdfm\/wp-content\/uploads\/2016\/10\/palestra3-768x569.jpg 768w, https:\/\/rdfm.com.br\/rdfm\/wp-content\/uploads\/2016\/10\/palestra3-555x411.jpg 555w, https:\/\/rdfm.com.br\/rdfm\/wp-content\/uploads\/2016\/10\/palestra3-360x267.jpg 360w, https:\/\/rdfm.com.br\/rdfm\/wp-content\/uploads\/2016\/10\/palestra3-262x194.jpg 262w\" sizes=\"(max-width: 800px) 100vw, 800px\" \/>\t\t\t\t\t\t\t\t\t\t\t\t\t\t\t<\/div>\n\t\t\t\t<\/div>\n\t\t\t\t<div class=\"elementor-element elementor-element-54b38b6 elementor-widget elementor-widget-heading\" data-id=\"54b38b6\" data-element_type=\"widget\" data-widget_type=\"heading.default\">\n\t\t\t\t<div class=\"elementor-widget-container\">\n\t\t\t<h2 class=\"elementor-heading-title elementor-size-default\"> No\u00e7\u00f5es B\u00e1sicas de Ortodontia para o Clinico Geral \u2013 Mococa SP 2001<\/h2>\t\t<\/div>\n\t\t\t\t<\/div>\n\t\t\t\t\t<\/div>\n\t\t<\/div>\n\t\t\t\t<div class=\"elementor-column elementor-col-33 elementor-top-column elementor-element elementor-element-c7291bb\" data-id=\"c7291bb\" data-element_type=\"column\" data-settings=\"{&quot;animation&quot;:&quot;none&quot;,&quot;animation_mobile&quot;:&quot;none&quot;}\">\n\t\t\t<div class=\"elementor-widget-wrap elementor-element-populated\">\n\t\t\t\t\t\t\t\t<div class=\"elementor-element elementor-element-68613b1 elementor-widget elementor-widget-image\" data-id=\"68613b1\" data-element_type=\"widget\" data-widget_type=\"image.default\">\n\t\t\t\t<div class=\"elementor-widget-container\">\n\t\t\t\t\t\t\t\t\t\t\t\t\t\t\t<img decoding=\"async\" width=\"800\" height=\"567\" src=\"https:\/\/rdfm.com.br\/rdfm\/wp-content\/uploads\/2016\/10\/palestra1.jpg\" class=\"attachment-large size-large wp-image-8383\" alt=\"\" loading=\"lazy\" srcset=\"https:\/\/rdfm.com.br\/rdfm\/wp-content\/uploads\/2016\/10\/palestra1.jpg 800w, https:\/\/rdfm.com.br\/rdfm\/wp-content\/uploads\/2016\/10\/palestra1-300x213.jpg 300w, https:\/\/rdfm.com.br\/rdfm\/wp-content\/uploads\/2016\/10\/palestra1-768x544.jpg 768w, https:\/\/rdfm.com.br\/rdfm\/wp-content\/uploads\/2016\/10\/palestra1-555x393.jpg 555w, https:\/\/rdfm.com.br\/rdfm\/wp-content\/uploads\/2016\/10\/palestra1-360x255.jpg 360w, https:\/\/rdfm.com.br\/rdfm\/wp-content\/uploads\/2016\/10\/palestra1-262x186.jpg 262w\" sizes=\"(max-width: 800px) 100vw, 800px\" \/>\t\t\t\t\t\t\t\t\t\t\t\t\t\t\t<\/div>\n\t\t\t\t<\/div>\n\t\t\t\t<div class=\"elementor-element elementor-element-8161428 elementor-widget elementor-widget-heading\" data-id=\"8161428\" data-element_type=\"widget\" data-widget_type=\"heading.default\">\n\t\t\t\t<div class=\"elementor-widget-container\">\n\t\t\t<h2 class=\"elementor-heading-title elementor-size-default\"> Ortopedia Funcional dos Maxilares : Possibilidade Terap\u00eautica da R.D.F.M. \u2013 sem extra\u00e7\u00f5es (T\u00e9cnica Maur\u00edcio Vaz de Lima) \u2013 S\u00e3o Paulo SP 2003<\/h2>\t\t<\/div>\n\t\t\t\t<\/div>\n\t\t\t\t\t<\/div>\n\t\t<\/div>\n\t\t\t\t\t\t\t<\/div>\n\t\t<\/section>\n\t\t\t\t<section class=\"elementor-section elementor-top-section elementor-element elementor-element-a9cb661 elementor-section-boxed elementor-section-height-default elementor-section-height-default wpr-particle-no wpr-jarallax-no wpr-parallax-no wpr-sticky-section-no\" data-id=\"a9cb661\" data-element_type=\"section\">\n\t\t\t\t\t\t<div class=\"elementor-container elementor-column-gap-default\">\n\t\t\t\t\t<div class=\"elementor-column elementor-col-33 elementor-top-column elementor-element elementor-element-f9e1e89\" data-id=\"f9e1e89\" data-element_type=\"column\" data-settings=\"{&quot;animation&quot;:&quot;none&quot;,&quot;animation_mobile&quot;:&quot;none&quot;}\">\n\t\t\t<div class=\"elementor-widget-wrap elementor-element-populated\">\n\t\t\t\t\t\t\t\t<div class=\"elementor-element elementor-element-cb1397e elementor-widget elementor-widget-image\" data-id=\"cb1397e\" data-element_type=\"widget\" data-widget_type=\"image.default\">\n\t\t\t\t<div class=\"elementor-widget-container\">\n\t\t\t\t\t\t\t\t\t\t\t\t\t\t\t<img decoding=\"async\" width=\"350\" height=\"240\" src=\"https:\/\/rdfm.com.br\/rdfm\/wp-content\/uploads\/2016\/10\/Palestra5.png\" class=\"attachment-large size-large wp-image-8387\" alt=\"\" loading=\"lazy\" srcset=\"https:\/\/rdfm.com.br\/rdfm\/wp-content\/uploads\/2016\/10\/Palestra5.png 350w, https:\/\/rdfm.com.br\/rdfm\/wp-content\/uploads\/2016\/10\/Palestra5-300x206.png 300w, https:\/\/rdfm.com.br\/rdfm\/wp-content\/uploads\/2016\/10\/Palestra5-262x180.png 262w\" sizes=\"(max-width: 350px) 100vw, 350px\" \/>\t\t\t\t\t\t\t\t\t\t\t\t\t\t\t<\/div>\n\t\t\t\t<\/div>\n\t\t\t\t<div class=\"elementor-element elementor-element-1f9b406 elementor-widget elementor-widget-heading\" data-id=\"1f9b406\" data-element_type=\"widget\" data-widget_type=\"heading.default\">\n\t\t\t\t<div class=\"elementor-widget-container\">\n\t\t\t<h2 class=\"elementor-heading-title elementor-size-default\"> Curso de Reabilita\u00e7\u00e3o Din\u00e2mica e Funcional dos Maxilares \u2013 Campinas SP 2005<\/h2>\t\t<\/div>\n\t\t\t\t<\/div>\n\t\t\t\t\t<\/div>\n\t\t<\/div>\n\t\t\t\t<div class=\"elementor-column elementor-col-33 elementor-top-column elementor-element elementor-element-78bcfb8\" data-id=\"78bcfb8\" data-element_type=\"column\" data-settings=\"{&quot;animation&quot;:&quot;none&quot;,&quot;animation_mobile&quot;:&quot;none&quot;}\">\n\t\t\t<div class=\"elementor-widget-wrap elementor-element-populated\">\n\t\t\t\t\t\t\t\t<div class=\"elementor-element elementor-element-a61dbea elementor-widget elementor-widget-image\" data-id=\"a61dbea\" data-element_type=\"widget\" data-widget_type=\"image.default\">\n\t\t\t\t<div class=\"elementor-widget-container\">\n\t\t\t\t\t\t\t\t\t\t\t\t\t\t\t<img decoding=\"async\" width=\"800\" height=\"546\" src=\"https:\/\/rdfm.com.br\/rdfm\/wp-content\/uploads\/2016\/10\/palestra4.jpg\" class=\"attachment-large size-large wp-image-8386\" alt=\"\" loading=\"lazy\" srcset=\"https:\/\/rdfm.com.br\/rdfm\/wp-content\/uploads\/2016\/10\/palestra4.jpg 800w, https:\/\/rdfm.com.br\/rdfm\/wp-content\/uploads\/2016\/10\/palestra4-300x205.jpg 300w, https:\/\/rdfm.com.br\/rdfm\/wp-content\/uploads\/2016\/10\/palestra4-768x524.jpg 768w, https:\/\/rdfm.com.br\/rdfm\/wp-content\/uploads\/2016\/10\/palestra4-555x379.jpg 555w, https:\/\/rdfm.com.br\/rdfm\/wp-content\/uploads\/2016\/10\/palestra4-360x246.jpg 360w, https:\/\/rdfm.com.br\/rdfm\/wp-content\/uploads\/2016\/10\/palestra4-262x179.jpg 262w\" sizes=\"(max-width: 800px) 100vw, 800px\" \/>\t\t\t\t\t\t\t\t\t\t\t\t\t\t\t<\/div>\n\t\t\t\t<\/div>\n\t\t\t\t<div class=\"elementor-element elementor-element-ea092e5 elementor-widget elementor-widget-heading\" data-id=\"ea092e5\" data-element_type=\"widget\" data-widget_type=\"heading.default\">\n\t\t\t\t<div class=\"elementor-widget-container\">\n\t\t\t<h2 class=\"elementor-heading-title elementor-size-default\"> Reabilita\u00e7\u00e3o Din\u00e2mica e Funcional dos Maxilares \u2013 Porto Alegre RS 2012<\/h2>\t\t<\/div>\n\t\t\t\t<\/div>\n\t\t\t\t\t<\/div>\n\t\t<\/div>\n\t\t\t\t<div class=\"elementor-column elementor-col-33 elementor-top-column elementor-element elementor-element-0e75035\" data-id=\"0e75035\" data-element_type=\"column\" data-settings=\"{&quot;animation&quot;:&quot;none&quot;,&quot;animation_mobile&quot;:&quot;none&quot;}\">\n\t\t\t<div class=\"elementor-widget-wrap elementor-element-populated\">\n\t\t\t\t\t\t\t\t<div class=\"elementor-element elementor-element-4522629 elementor-widget elementor-widget-image\" data-id=\"4522629\" data-element_type=\"widget\" data-widget_type=\"image.default\">\n\t\t\t\t<div class=\"elementor-widget-container\">\n\t\t\t\t\t\t\t\t\t\t\t\t\t\t\t<img decoding=\"async\" width=\"204\" height=\"300\" src=\"https:\/\/rdfm.com.br\/rdfm\/wp-content\/uploads\/2016\/10\/palestra7-204x300.jpg\" class=\"attachment-medium size-medium wp-image-8556\" alt=\"\" loading=\"lazy\" srcset=\"https:\/\/rdfm.com.br\/rdfm\/wp-content\/uploads\/2016\/10\/palestra7-204x300.jpg 204w, https:\/\/rdfm.com.br\/rdfm\/wp-content\/uploads\/2016\/10\/palestra7-555x818.jpg 555w, https:\/\/rdfm.com.br\/rdfm\/wp-content\/uploads\/2016\/10\/palestra7-360x530.jpg 360w, https:\/\/rdfm.com.br\/rdfm\/wp-content\/uploads\/2016\/10\/palestra7-262x386.jpg 262w, https:\/\/rdfm.com.br\/rdfm\/wp-content\/uploads\/2016\/10\/palestra7.jpg 600w\" sizes=\"(max-width: 204px) 100vw, 204px\" \/>\t\t\t\t\t\t\t\t\t\t\t\t\t\t\t<\/div>\n\t\t\t\t<\/div>\n\t\t\t\t<div class=\"elementor-element elementor-element-2c171f7 elementor-widget elementor-widget-heading\" data-id=\"2c171f7\" data-element_type=\"widget\" data-widget_type=\"heading.default\">\n\t\t\t\t<div class=\"elementor-widget-container\">\n\t\t\t<h2 class=\"elementor-heading-title elementor-size-default\"> Encuentro de GEM \u2013 Santiago do Chile 2013<\/h2>\t\t<\/div>\n\t\t\t\t<\/div>\n\t\t\t\t\t<\/div>\n\t\t<\/div>\n\t\t\t\t\t\t\t<\/div>\n\t\t<\/section>\n\t\t\t\t\t\t\t<\/div>\n\t\t","protected":false},"excerpt":{"rendered":"<p>A L\u00f3gica do Bom Senso em Reabilita\u00e7\u00e3o Din\u00e2mica e Funcional dos Maxilares \u2013 sem Extra\u00e7\u00f5es \u2013 Ribeir\u00e3o Preto SP 1999 No\u00e7\u00f5es B\u00e1sicas de Ortodontia para o Clinico Geral \u2013 Mococa SP 2001 Ortopedia Funcional dos Maxilares : Possibilidade Terap\u00eautica da R.D.F.M. \u2013 sem extra\u00e7\u00f5es (T\u00e9cnica Maur\u00edcio Vaz de Lima) \u2013 S\u00e3o Paulo SP 2003 CursoLeer M\u00e1s<\/p>\n","protected":false},"author":2,"featured_media":0,"parent":8070,"menu_order":0,"comment_status":"closed","ping_status":"closed","template":"","meta":[],"_links":{"self":[{"href":"https:\/\/rdfm.com.br\/rdfm\/wp-json\/wp\/v2\/pages\/8302"}],"collection":[{"href":"https:\/\/rdfm.com.br\/rdfm\/wp-json\/wp\/v2\/pages"}],"about":[{"href":"https:\/\/rdfm.com.br\/rdfm\/wp-json\/wp\/v2\/types\/page"}],"author":[{"embeddable":true,"href":"https:\/\/rdfm.com.br\/rdfm\/wp-json\/wp\/v2\/users\/2"}],"replies":[{"embeddable":true,"href":"https:\/\/rdfm.com.br\/rdfm\/wp-json\/wp\/v2\/comments?post=8302"}],"version-history":[{"count":22,"href":"https:\/\/rdfm.com.br\/rdfm\/wp-json\/wp\/v2\/pages\/8302\/revisions"}],"predecessor-version":[{"id":9777,"href":"https:\/\/rdfm.com.br\/rdfm\/wp-json\/wp\/v2\/pages\/8302\/revisions\/9777"}],"up":[{"embeddable":true,"href":"https:\/\/rdfm.com.br\/rdfm\/wp-json\/wp\/v2\/pages\/8070"}],"wp:attachment":[{"href":"https:\/\/rdfm.com.br\/rdfm\/wp-json\/wp\/v2\/media?parent=8302"}],"curies":[{"name":"wp","href":"https:\/\/api.w.org\/{rel}","templated":true}]}}